*i + 276. Determine v(-4).
-32
Let f be ((-28)/(-32) + 2/(-4))*4. Let n(a) be the first derivative of -f*a**2 - 2/3*a**3 - a + 2. Determine n(-3).
-10
Suppose -13 = 5*s + 7, -4*u - 4*s = 32. Let b(i) = 1 + i - 21*i**2 - i + 18*i**2 + 2*i - i**3. Give b(u).
9
Suppose -29 = -6*m - 5. Let u(k) = -k + 4. Calculate u(m).
0
Let d(c) be the third derivative of 0*c + 1/6*c**3 + 4*c**2 + 1/8*c**4 + 0. Let z(k) = -k - 1. Let p(q) = -2*d(q) - 5*z(q). Calculate p(-3).
6
Suppose -c - 3*l + 1 = 0, -l = -2*c - 3*c - 11. Let n(r) = -10*r**2 + r + 2. Give n(c).
-40
Let m(l) = -5*l**2 + 3*l + 5. Suppose 5*p + 5*b = -5, -b - 19 - 6 = -5*p. Let y(h) = -6*h**2 + 2*h + 6. Let j(t) = p*y(t) - 5*m(t). Determine j(6).
-7
Let v(b) = 5*b - 3. Suppose -44*z - 15 = 29. Give v(z).
-8
Let i(k) be the third derivative of k**4/12 + k**3/6 + 4*k**2 - 22. Determine i(-3).
-5
Suppose -71*v - 14 = -78*v. Let n(x) be the first derivative of -2*x**2 - 2*x + 2. What is n(v)?
-10
Let q(p) = -2*p**2 - 9*p + 9. Let b(m) = m**2 + 4*m - 4. Let h(v) = -7*b(v) - 3*q(v). Let k(l) = l**3 + 2*l. Let a(y) = 3*h(y) + k(y). Determine a(3).
0
Let q(x) be the first derivative of -4*x**2 + 9*x - 148. What is q(1)?
1
Let u(m) = 3*m**3 - 14*m**3 - 15 + 10*m**3 + 2*m + 7*m**2. What is u(7)?
-1
Let n = -58 + 64. Let m(a) = 4*a**2 - 4*a. Let o(h) = -9*h**2 + 7*h + 1. Let y(z) = -7*m(z) - 3*o(z). Give y(n).
3
Suppose -2*k - 2*f - 6 = 0, 7 - 22 = 3*k + 5*f. Let r(y) be the first derivative of -y**3/3 - y**2/2 + 6*y - 1. Determine r(k).
6
Let p(x) be the first derivative of x**3/3 + 13*x**2/2 + 24*x - 472. Calculate p(-10).
-6
Let d(s) = s**3 + 6*s**2 + 6*s + 6. Suppose 8*q + 6 = -26. Determine d(q).
14
Suppose -27 = 14*s + 29. Let x(j) be the third derivative of j**4/12 + j**3/2 + 8*j**2 + 2*j. What is x(s)?
-5
Let b(r) = 3*r + 2. Let c(t) = t + 1. Let q(p) = b(p) - 4*c(p). Suppose -2*m - 68 = -4*l, -2*l + 6 = -4*m - 22. Suppose -l + 60 = 6*x. Determine q(x).
-9
Let h(o) = 0*o**3 - o**3 + 19*o - 22*o + 4*o**2 + 8. Determine h(4).
-4
Let n(z) = 33*z**3 + 8*z**2 + 11*z - 32. Let o(b) = -19*b**3 - 3*b**2 - 6*b + 16. Let p(r) = 4*n(r) + 7*o(r). Let g = 31 - 20. Give p(g).
6
Suppose 4*w = 7*w - 6. Let l(t) = t**3 - 5*t**2 + 6*t + 3. Let i(n) = -n**3 + 5*n**2 - 5*n - 2. Let s(y) = 4*i(y) + 3*l(y). What is s(w)?
9
Let q(g) = 19*g + 2*g**3 - 3*g**2 - 43*g + 26*g - 3. Suppose -a + 23 - 7 = 0. Suppose 0 = -l - f - 2, -a + 2 = l + 4*f. Determine q(l).
5
Let v(d) = 8*d**2 - 32*d - 8. Let j(a) = -7*a**2 + 29*a + 8. Let h(p) = -7*j(p) - 6*v(p). Calculate h(10).
-18
Let g(c) = 18*c**2 + 49*c - 163. Let z(t) = -5*t**2 - 12*t + 41. Let o(u) = 3*g(u) + 11*z(u). Give o(12).
-2
Let p be ((-2)/(-4))/((-1)/(-6)). Let v(i) = i**2 + 9*i - 3. Let n be v(-10). Let u be (1 - n)*(-1)/p. Let w(q) = -q + 1. What is w(u)?
-1
Let a(u) = -u + 6. Let t = -392 - -404. Determine a(t).
-6
Let n(t) = -3*t + 1. Let v = 13 - 11. Suppose m - 9 = -2*m + 3*u, v*u - 6 = -2*m. Suppose -4*d + m*d + 1 = 0. What is n(d)?
-2
Let l(m) be the first derivative of -m**3/3 + m**2/2 + 5*m - 20. Let b(y) = 3*y. Let a be b(3). Let c = 13 - a. Give l(c).
-7
Let w(a) be the first derivative of -a**2 - 257. What is w(1)?
-2
Let c(m) = -m**2 + 5*m - 5. Let t be c(1). Let s(x) be the third derivative of 7*x**5/20 + x**3/6 + x**2. What is s(t)?
22
Let p = 32 + -36. Let u(c) be the first derivative of -c**3/3 - 5*c**2/2 - c + 5. Determine u(p).
3
Suppose 2*r + 4 = r. Let h(x) be the second derivative of x**4/12 + x**3 + 567*x - 2. What is h(r)?
-8
Let r(p) = 4*p - 3. Let g be (-84)/(-39) + -2 - 384/(-39). Suppose j + 5*i + 13 = 0, -g*j + 6*j = -4*i - 20. What is r(j)?
5
Let s(t) = -t. Let d(r) = r - 30. Let a(q) = -d(q) - 2*s(q). Let u be a(-16). Let j = 12 - u. Let c(v) = -v**2 - 2*v - 3. Give c(j).
-3
Let h be 12/15*10/2. Suppose 0 = -a - v, h*a - 5 + 3 = -2*v. Let q(f) = -2*f - 1. Let n(r) = -r - 1. Let d(z) = -2*n(z) + 3*q(z). Determine d(a).
-5
Let m(y) = 9*y - 2*y**2 + 8*y**2 - 5 + 0*y**2 - y**3. What is m(7)?
9
Let k(r) = r**2 + 7*r - 4. Suppose 5*x = 3*f + 3, x + 5 = 3*x - 5*f. Suppose x = 5*v - 5*p - 20, -2*v - p - 1 + 3 = 0. Suppose -v*t - 10 = -0*t. Determine k(t).
-14
Let k(a) = 2 - 8 - 2*a**2 + 1 - 20 - 9. Calculate k(0).
-34
Let v(r) be the third derivative of 0 + 4/3*r**3 + 1/120*r**6 - 4*r**2 + 1/12*r**5 - 1/6*r**4 + 0*r. Let f be v(-6). Let b(j) = j**2 + 7*j + 5. What is b(f)?
-7
Suppose q = -3*q + 40. Let h = -5 + q. Let f(w) = w + 5. Let y(o) = -o - 8. Let x(s) = 7*f(s) + 5*y(s). Give x(h).
5
Suppose -2*p + 18 - 5 = -r, 0 = r - 5*p + 22. Let m(x) = -4*x - 29. Calculate m(r).
-1
Suppose -4*m + 4 = 0, -4*v + 0*m - 1 = -m. Let a(n) = v*n + 24 + n - 11 - 17. What is a(0)?
-4
Let u(a) = 3 + 12*a**2 - 19*a**2 + 8*a**2. Give u(-5).
28
Let j(p) = p - 4. Let q(k) = -k - 1. Let a(m) = 4*m + 8. Let i(h) = -a(h) - 5*q(h). Let g(u) = -2*i(u) + 3*j(u). Give g(5).
-1
Let x(q) = -3*q - 3*q**2 + 2*q**2 + 3 - 1. Suppose 3*i - 4*f + 3*f = 141, 5*i - 215 = -5*f. Let v be 23/i + (0 - (-9)/(-2)). Determine x(v).
-2
Let f(w) = -2*w**2. Suppose 65 = -17*r - 3. Let u be 1 - 0 - (-4 - r). What is f(u)?
-2
Let g(h) = 5*h - 21. Let f be g(2). Let z(v) = -v**2 - 11*v + 10. Calculate z(f).
10
Let i(h) = -5*h - 1. Let r = -73 + 78. Let o(v) = -v**2 - 2*v + 33. Let w be o(r). Determine i(w).
9
Let o(k) = 19*k**3 - 2*k**2 - k. Let y = -42 - -91. Let a be (y/(-7) + 6)*2/2. Calculate o(a).
-20
Let g(t) = 17*t**2 - t - 21. Let d(j) = -24*j**2 + 2*j + 31. Let y(l) = -5*d(l) - 7*g(l). Calculate y(6).
10
Let c(b) = -b**2 - 2*b + 4. Let f = -8 - -68. Let o = f + -63. Give c(o).
1
Let t = 123 - 110. Let f(s) = 1 - t*s**2 + 31*s**2 - 17*s**2 + 0*s - 4*s. Let n be ((-5)/3)/((-3)/9). Calculate f(n).
6
Let g = -2003 - -2006. Let l(i) = i - 3. Let p(b) = b**2 + b - 7. Let c(j) = 5*l(j) - 2*p(j). What is c(g)?
-10
Let d(s) = s**2 + 5*s - 1. Suppose -a + 5*j - 3*j - 5 = 0, 2*a - j + 10 = 0. Give d(a).
-1
Let z(d) be the third derivative of 7/60*d**5 + 0 + 1/120*d**6 - 1/6*d**3 + 4*d**2 + 5/24*d**4 + 0*d. Give z(-6).
5
Let k(b) = b**3 + 4*b**2 - b. Let v be k(-4). Suppose -21 = -4*m + y + 39, -5*y - 60 = -v*m. Suppose -2*a - 5*c = -m, 3*c - 2 = 1. Let z(i) = i. Determine z(a).
5
Let g be (-2 + -14)*((-330)/40 + 8). Let o(d) = -d**3 + 3*d**2 - d - 4. Give o(g).
-24
Let x(z) be the third derivative of -z**4/3 + 19*z**2. Determine x(-1).
8
Let n(r) = -3 + 4 - 2 + 2. Let g(s) = s - 7. Let f(i) = -g(i) - 6*n(i). Let z be (2 - 0) + 1*4. Determine f(z).
-5
Let h(t) = 1. Suppose -3*o = -9*o + 24. Let y(p) = -p - 8. Let b(z) = o*h(z) - y(z). Give b(-7).
5
Let t(b) = -6*b - 5. Suppose -51*o + 56*o + 40 = 0. Calculate t(o).
43
Suppose -11*o - 18 = -84. Let u(k) = 5*k**2 + 3*k - 3*k**3 + k - k**3 + 3*k**3. Calculate u(o).
-12
Suppose -i - 6 = -2*i - 3*d, i - 5*d = -18. Let f(l) be the third derivative of -l**4/24 - 2*l**3/3 + 17*l**2. Determine f(i).
-1
Let w(j) = 4 + 2*j**2 - j**2 - 3 + 9*j. Suppose -o + 4*o - 3*m = -18, -2 = 2*m. Give w(o).
-13
Suppose 5*v + y = -14 - 7, 16 = 4*y. Let b(z) = 3*z + 15. Determine b(v).
0
Let y(k) = k**3 + 8*k**2 + k + 7. Let u be y(-8). Let t be (u/2)/(2/8). Let c(f) = -3*f - 2. What is c(t)?
4
Let q(j) = -8 + 6 + 0*j**2 + 7 + j**2. Give q(6).
41
Let g(h) = -h**2 - 15*h + 18. Let x be g(-16). Let n(t) = 7*t**3 - 2*t**2 - t - 1. What is n(x)?
45
Suppose -5*r - 3 = 2*u, -2*u + 3*r = u - 6. Let v(q) = u - q - 1 - 4 + 5. Let p(h) = h - 1. Let g(d) = 6*p(d) + 5*v(d). Determine g(-1).
-2
Suppose -2*c = 2*c + 60. Let l(u) = u**3 + 13*u**2 + u + 29. Let s be l(-13). Let o = s + c. Let z(b) = 3*b - 1. Determine z(o).
2
Let m(y) be the first derivative of -1/3*y**3 - 1/2*y**2 + 31 + 4*y. What is m(-4)?
-8
Let t(q) be the first derivative of 5*q**4/4 + q**2/2 + q - 2. Let k = 535 - 536. Determine t(k).
-5
Suppose -27*i + 29*i - 32 = 0. Suppose 3*z - 14 = i. Let w(h) = -h + 14. Calculate w(z).
4
Let q be (1 - (-9)/(-3))*-2. Suppose 21 = -6*l + 9*l. Let c(s) = s**2 + 6*s + 3. Let g(t) = -4*t**2 - 19*t - 8. Let v(m) = l*c(m) + 2*g(m). Determine v(q).
5
Suppose -13*n - 3*n + 64 = 0. Let r(a) = a**3 - 6*a**2 + 9*a + 4. Determine r(n).
8
Let x be ((-3)/(-2))/((-9)/84*-2). Let r(n) = n + 10*n - x*n + 1 - 5*n. Determine r(-1).
2
Let u be (-198)/(-51) - (-4)/34. Let o be 12*-1*(-6)/u. Let t